es 1116 divide 17747213?
False
Is 357121830 a multiple of 10?
True
Does 155 divide 19843688?
False
Does 58 divide 638447064?
True
Is 1065298250 a multiple of 342?
False
Does 1368 divide 34845696?
True
Is 29 a factor of 122758508?
True
Is 1759 a factor of 2987225268?
True
Does 1192 divide 435839304?
True
Is 7 a factor of 70001841?
True
Does 1937 divide 664524566?
False
Is 88 a factor of 5483813?
False
Does 4 divide 20826822?
False
Is 163 a factor of 46369709?
False
Does 12 divide 41037972?
True
Is 52149220 a multiple of 20?
True
Is 63381318 a multiple of 854?
True
Is 210 a factor of 101202279?
False
Does 107 divide 731512940?
False
Does 128 divide 70934482?
False
Does 11 divide 751724826?
False
Is 1602653884 a multiple of 1214?
False
Is 760041180 a multiple of 10?
True
Is 64 a factor of 79283136?
True
Is 1413 a factor of 2148469326?
True
Does 212 divide 33679667?
False
Is 1500 a factor of 25329000?
True
Is 5 a factor of 17580881?
False
Is 23 a factor of 2417172695?
True
Is 33 a factor of 137747560?
False
Does 35 divide 2092020?
True
Is 1823031673 a multiple of 96?
False
Does 4154 divide 53800042?
False
Is 485 a factor of 2534296205?
True
Is 12533745 a multiple of 21?
True
Does 88 divide 63374660?
False
Is 183592628 a multiple of 1172?
True
Does 2 divide 706787?
False
Does 2028 divide 158013648?
True
Does 14 divide 105827630?
False
Is 62 a factor of 391372892?
True
Is 698376985 a multiple of 62?
False
Is 20 a factor of 4878163560?
True
Does 112 divide 32808019?
False
Is 249914044 a multiple of 2148?
False
Is 93 a factor of 45138852?
True
Is 9865515 a multiple of 3?
True
Is 87277839 a multiple of 17?
False
Is 161 a factor of 22895488?
True
Does 7 divide 542796231?
False
Does 59 divide 21398810?
False
Is 27 a factor of 44431686?
True
Does 1077 divide 32616756?
False
Does 202 divide 39733133?
False
Is 131 a factor of 1154117598?
True
Is 1271105740 a multiple of 20?
True
Is 44 a factor of 1875198?
False
Does 1339 divide 14592422?
True
Is 2 a factor of 19685739?
False
Does 351 divide 35263602?
False
Is 4604 a factor of 3110480011?
False
Is 35611334 a multiple of 135?
False
Is 32663335 a multiple of 5?
True
Is 125 a factor of 225086000?
True
Is 48586303 a multiple of 106?
False
Does 42 divide 369822336?
False
Does 6 divide 10204263?
False
Does 86 divide 94198725?
False
Is 19438809 a multiple of 4?
False
Does 54 divide 436372780?
False
Does 26 divide 73261682?
True
Does 2080 divide 37953760?
True
Is 14 a factor of 21634328?
False
Is 6612 a factor of 882742600?
False
Does 7 divide 357631302?
True
Is 499193305 a multiple of 13?
True
Is 830 a factor of 21807696?
False
Is 1138780052 a multiple of 107?
False
Is 254287602 a multiple of 87?
True
Does 1850 divide 265288150?
True
Does 5 divide 1087111?
False
Is 1617808170 a multiple of 1774?
True
Is 49 a factor of 38632020?
False
Is 8079682 a multiple of 26?
True
Is 15566344 a multiple of 18?
False
Is 33 a factor of 1828222374?
True
Is 6 a factor of 5507699?
False
Is 1916359 a multiple of 289?
True
Is 124947712 a multiple of 256?
True
Does 2382 divide 13146258?
True
Is 94 a factor of 176637418?
False
Does 3755 divide 2642183220?
True
Is 1171 a factor of 16190387?
False
Is 2 a factor of 42171289?
False
Is 2502982472 a multiple of 298?
False
Does 237 divide 473072145?
True
Does 1214 divide 1578124737?
False
Is 1582426853 a multiple of 9?
False
Is 173350570 a multiple of 235?
True
Does 345 divide 25180515?
True
Is 60270432 a multiple of 228?
True
Does 2267 divide 71949694?
False
Does 26 divide 2114484398?
True
Does 458 divide 571830446?
False
Does 28 divide 7617932?
True
Does 79 divide 128158278?
False
Is 16987432 a multiple of 44?
True
Is 2557007113 a multiple of 156?
False
Is 4988026486 a multiple of 22?
False
Is 55467539 a multiple of 257?
True
Is 394 a factor of 15673430?
False
Does 142 divide 616900114?
True
Is 77 a factor of 7546385?
True
Is 220 a factor of 95662208?
False
Does 305 divide 2261616938?
False
Is 14 a factor of 1814009694?
True
Does 156 divide 135546996?
True
Does 24 divide 79092432?
True
Is 658 a factor of 18384557?
False
Is 150 a factor of 886638900?
True
Does 55 divide 5949419?
False
Does 30 divide 127580261?
False
Is 2 a factor of 10022151?
False
Is 39 a factor of 490298262?
False
Does 370 divide 21532150?
True
Is 55047590 a multiple of 767?
True
Is 326 a factor of 275103902?
True
Is 19051594 a multiple of 4?
False
Does 113 divide 691581131?
True
Is 326 a factor of 60152193?
False
Does 172 divide 973734484?
True
Is 3051 a factor of 600421545?
True
Is 4107096 a multiple of 12?
True
Does 10 divide 4049605720?
True
Is 12599 a factor of 2041655351?
True
Is 38 a factor of 1726874622?
True
Is 1242671565 a multiple of 1154?
False
Is 14601181 a multiple of 493?
True
Is 56 a factor of 939805716?
False
Is 472094226 a multiple of 186?
True
Is 20 a factor of 44634963?
False
Is 357 a factor of 583276953?
True
Does 671 divide 79798004?
True
Is 34327941 a multiple of 151?
False
Is 3281 a factor of 1030646470?
False
Is 4 a factor of 73863152?
True
Does 557 divide 10162383?
False
Does 6 divide 750994716?
True
Is 21170719 a multiple of 41?
True
Is 2064916 a multiple of 4?
True
Is 1631909650 a multiple of 50?
True
Is 11599822 a multiple of 7?
False
Does 432 divide 42867395?
False
Does 15 divide 10895679?
False
Is 114433230 a multiple of 40?
False
Is 45185584 a multiple of 74?
True
Is 123817317 a multiple of 142?
False
Is 118254996 a multiple of 1224?
False
Is 958 a factor of 340268188?
True
Does 82 divide 2714217630?
True
Is 985 a factor of 662599086?
False
Does 31 divide 17755777?
True
Is 187 a factor of 314272574?
True
Does 202 divide 358158631?
False
Is 619113263 a multiple of 20?
False
Is 2754386540 a multiple of 1660?
True
Is 237681208 a multiple of 5513?
False
Is 37 a factor of 1404725276?
True
Does 62 divide 605519413?
False
Is 42251057 a multiple of 1885?
False
Is 91555262 a multiple of 251?
True
Is 21911776 a multiple of 127?
False
Is 14 a factor of 1201104744?
True
Is 959 a factor of 1317322262?
False
Does 215 divide 100747710?
True
Does 35 divide 53674038?
False
Is 124665893 a multiple of 36?
False
Is 545 a factor of 4564387?
False
Does 126 divide 60488591?
False
Does 5270 divide 1196712772?
False
Is 22 a factor of 369247536?
False
Is 186799955 a multiple of 215?
True
Does 159 divide 40528464?
True
Is 2551900572 a multiple of 10801?
False
Is 106 a factor of 180531443?
False
Is 17 a factor of 1264084?
False
Is 18 a factor of 4173018979?
False
Does 93 divide 37988936?
False
Does 71 divide 628196456?
False
Is 101672450 a multiple of 247?
False
Is 217 a factor of 21264915?
True
Is 236521793 a multiple of 347?
True
Does 1506 divide 112522296?
True
Is 80412959 a multiple of 8?
False
Is 35069040 a multiple of 80?
True
Is 26 a factor of 14917469?
False
Is 17430510 a multiple of 339?
False
Does 3136 divide 47749007?
False
Is 30420369 a multiple of 1375?
False
Is 3618319012 a multiple of 308?
True
Is 10520832 a multiple of 1344?
True
Does 8460 divide 950802480?
True
Is 40 a factor of 412244092?
False
Does 56 divide 12828076?
False
Does 1904 divide 3298455909?
False
Does 166 divide 159581790?
False
Does 39 divide 49261641?
True
Is 49208077 a multiple of 41?
True
Is 1432567187 a multiple of 590?
False
Is 14403710 a multiple of 3526?
True
Does 2348 divide 19716788?
False
Is 1230539695 a multiple of 6431?
True
Is 111 a factor of 96299876?
False
Is 67 a factor of 996581738?
False
Is 57779660 a multiple of 284?
False
Does 827 divide 45377490?
True
Is 30 a factor of 95606309?
False
Does 214 divide 44906970?
False
Is 11805452 a multiple of 191?
False
Is 104772758 a multiple of 2593?
True
Is 662 a factor of 122770670?
False
Is 324640432 a multiple of 248?
True
Is 4 a factor of 202872736?
True
Is 472128912 a multiple of 3384?
True
Does 6 divide 4687985?
False
Does 1667 divide 848155066?
False
Is 110331776 a multiple of 8?
True
Is 221 a factor of 33687254?
False
Is 252557861 a multiple of 440?
False
Is 92489166 a multiple of 328?
False
Does 72 divide 207760824?
True
Is 61 a factor of 168516135?
False
Is 587678304 a multiple of 259?
False
Is 527783753 a multiple of 33?
False
Is 131 a factor of 586515671?
False
Does 475 divide 90725?
True
Does 5 divide 68224240?
True
Is 36 a factor of 56084472?
True
Is 7227896 a mult